 s(j) = a(j) + 3*y(j). What is the remainder when 416/(-24)*3/(-2) is divided by s(0)?
12
Suppose 2*c - 2*o = 6, -2*c = c - 4*o - 4. Calculate the remainder when 45 is divided by c.
5
Let l = -35 + 40. What is the remainder when l is divided by 4?
1
Let s = 40 - 70. Suppose 3*j + 12 = -39. Let x = j - s. Calculate the remainder when x is divided by 7.
6
Let j = 70 - 47. What is the remainder when j is divided by 8?
7
Suppose 0*l - v + 13 = 2*l, -l + v + 8 = 0. Calculate the remainder when l is divided by 3.
1
Let r(s) = 16*s**2 - 1. Let i be r(1). Suppose d = i + 1. Calculate the remainder when 62 is divided by d.
14
Suppose 8*l - 2*l = 102. Calculate the remainder when 61 is divided by l.
10
Calculate the remainder when (11*(-2 + 0))/(5 - 6) is divided by 3.
1
Let r = 4 - 1. Calculate the remainder when r is divided by 2.
1
Let y be (6 - 18)/(3/(-4)). Suppose 4*f - 19 = 5*l, -f + 0*l = -5*l - y. Let j = 3 - 2. What is the remainder when f is divided by j?
0
Let v(c) = c**2 - 10. What is the remainder when v(-6) is divided by 14?
12
Let w = 1 - -1. Let l = 5 - -1. What is the remainder when (4/l)/(9/81) is divided by w?
0
What is the remainder when (39 - 42) + (-1 - -14) is divided by 9?
1
Let b(j) = -j**2 - 14*j - 18. Calculate the remainder when b(-9) is divided by 10.
7
Let s = 9 - -12. What is the remainder when s is divided by 8?
5
Suppose 34 = 5*d + 2*q - 8, -2*d = q - 17. Let a be (1 - 1/(-3))*3. Suppose 45 = a*c - 11. What is the remainder when c is divided by d?
6
Suppose -3*s + 266 - 77 = 0. Calculate the remainder when s is divided by 16.
15
What is the remainder when 447/12 - 2/8 is divided by (4 + -2)*1*(5 - 0)?
7
Suppose 2*z + 0*z - 5 = t, z = -4*t + 7. Let y be -1 - -25 - (-2)/(-1). Suppose y - z = a. What is the remainder when a is divided by 5?
4
Suppose 5*m = -0*m + 35. Let k = -42 - -62. Calculate the remainder when k is divided by m.
6
Let t(v) = 30*v**2 - 2*v - 1. Calculate the remainder when t(-1) is divided by 18.
13
Let d be (-1)/(56/(-58) + 1). Let n = -13 - d. What is the remainder when n is divided by 6?
4
Let a = 97 - -10. Suppose -2*w - 2*b + 92 = 0, -w - w + 3*b = -a. What is the remainder when w is divided by 26?
23
Let y = -9 - -10. Suppose -2*g = -10 - 2. Suppose 0 = j - g + 4. What is the remainder when j is divided by y?
0
What is the remainder when (28/35)/((-4)/(-150)) is divided by 18?
12
Suppose -4 = 3*m + 2*n + 24, -4*m = -5*n + 22. Calculate the remainder when 31 is divided by (4/m)/((-2)/32).
7
Suppose -b + 18 = 2*b. What is the remainder when 64 is divided by (22/(-3))/(b/(-27))?
31
Let m = -18 - -29. What is the remainder when (-2)/(-5) - (-103)/5 is divided by m?
10
Let o be ((-3)/(-2))/(9/12). Suppose -o*q + 3*y + 15 = -q, 17 = q - 5*y. What is the remainder when 23 is divided by q?
11
What is the remainder when (2 - 6/4)*140 is divided by 24?
22
Suppose q = 22 - 0. What is the remainder when 40 is divided by q?
18
Calculate the remainder when (-363)/(-21) - (-8)/(-28) is divided by 6.
5
Let l(c) = -3*c - 9. Let p = 96 - 91. Calculate the remainder when l(-6) is divided by p.
4
Let d = -182 - -272. What is the remainder when d is divided by 23?
21
Suppose 5*m = -2*h - 0*m + 95, h - 49 = -2*m. Calculate the remainder when h is divided by 19.
17
Suppose 3*v - 201 + 57 = 0. What is the remainder when v is divided by 25?
23
What is the remainder when 50 is divided by (-1 + 5 + -5)*-13?
11
What is the remainder when 14 + (-2 - -2)/4 is divided by 8?
6
Suppose d - 5*d = -8. Suppose l = -d*l + 6. What is the remainder when 3 is divided by l?
1
Suppose -20 = -o + 5*k + 3, 0 = 2*o + k - 2. Calculate the remainder when (10/12)/((-2)/(-12)) is divided by o.
2
Suppose 6 = 2*p - 26. Let z = 4 - 1. Suppose 4*y - p = 0, 0*t = z*t + 2*y - 26. Calculate the remainder when 17 is divided by t.
5
What is the remainder when 673/5 - 22/(-55) is divided by 23?
20
Let h be 236/(-1 + 5)*1. Suppose 5*z = h + 71. Suppose 0 = 3*o - 3*a - 33, -4*o - a = -o - 25. What is the remainder when z is divided by o?
8
Let c be -6*(14/6 - 3). Suppose 2*r = 5*q - 176, 0 = -c*q + 4*r + 71 + 65. Calculate the remainder when q is divided by 13.
10
Suppose -2*l - 2*j + 7 + 13 = 0, 0 = -2*l + j + 29. What is the remainder when l is divided by 7?
6
Let j(a) = a**3 - 13*a**2 + 3*a + 19. What is the remainder when j(13) is divided by 10?
8
Let r(s) = 2*s**2 - 3*s - 3. Let p(i) = i**3 + 4*i**2 - 6*i - 1. Let z be p(-5). What is the remainder when r(-2) is divided by 34/6 + z/12?
5
Suppose -b - 5*a + 125 = 4*b, 0 = -b + a + 21. Let y(k) = -k**3 - 3*k**2 + k. What is the remainder when b is divided by y(-4)?
11
Suppose -3*s = -4*i - 14, 3*s - 2 = 2*i + 2. Let o = s + 9. Suppose -o*x + 60 = -5*x. Calculate the remainder when x is divided by 8.
6
Calculate the remainder when 35 is divided by (-30)/(-4)*(-16)/(-12).
5
What is the remainder when 4797/(-26)*(-2)/3 is divided by 14?
11
Let h = -29 + 69. Let n(d) = d**2 + d + 6. Let g be n(0). Suppose 5*u - 86 = -4*j, 6*u - 5*u - g = 2*j. What is the remainder when h is divided by u?
12
Let j(f) = f**2 - 2*f + 2. Let o be j(2). Suppose o*i - 3*i = -2. Suppose -3*d - 1 = -13. Calculate the remainder when d is divided by i.
0
Suppose 4*c - 3*f + 0*f = 142, 5*f = 2*c - 78. Calculate the remainder when c is divided by 12.
10
Suppose 0 = -3*t - t - 28. Let d = t - -22. Let g = -4 + d. Calculate the remainder when 32 is divided by g.
10
Calculate the remainder when 123/(-287) + (-129)/(-7) + -1 is divided by 5.
2
Suppose -g - 156 = -3*l, -2*g + 56 = -4*l + 262. Calculate the remainder when l is divided by 28.
25
Suppose 0*f = -f - 4*y - 7, 2*y + 31 = 5*f. Let o be (46 - 0) + f + -3. Suppose 4*q - 144 - o = 0. What is the remainder when q is divided by 25?
23
Let z(a) = -a**2 - 14*a + 12. Calculate the remainder when 333 is divided by z(-14).
9
Suppose w - 2*w = -1. Let j be 0 + -1 + 1 + -2. Calculate the remainder when (1 + 3)/(4 + j) is divided by w.
0
Let t be (0 + 0)*2/(-6). Suppose t = -d - 2*d + 48. Calculate the remainder when 47 is divided by d.
15
Let r(b) = b**3 - 20*b**2 + 37*b + 17. Calculate the remainder when 278 is divided by r(18).
33
Suppose 2*u + 4 + 0 = 0, y = -3*u + 11. What is the remainder when 167 is divided by y?
14
Let y = 14 + 0. Let s(a) = 5*a**2 - 2*a + 2. What is the remainder when s(-3) is divided by y - (2 - (3 - -3))?
17
Let y(c) = -c**3 - c**2 + 6*c + 4. Calculate the remainder when ((-45)/20)/(2/(-48)) is divided by y(-4).
26
Let l(t) = 5*t**2 + 6*t + 3. Calculate the remainder when 27 + 3 + (1 - -1) is divided by l(-2).
10
Suppose 3*q = 3*r + 2*r - 43, 3*r - 2*q - 26 = 0. Calculate the remainder when 31 is divided by r.
7
Let f = 152 + -107. Calculate the remainder when f is divided by 6.
3
Let a(g) = g**3 - 9*g**2 + 7*g - 9. Let s be (-1)/4 - 66/(-8). Let f be a(s). Let z = -12 - f. What is the remainder when 14 is divided by z?
4
Let z(h) = h**3 - 5*h**2 - h + 7. Suppose 9*u - 4*u = 25. Calculate the remainder when u is divided by z(5).
1
Suppose -2*v - 2*v - 2*s + 38 = 0, -5*v = 4*s - 46. What is the remainder when 26 is divided by v?
6
Let j(m) = m**2 - 15*m + 59. Calculate the remainder when 51 is divided by j(10).
6
Let a(j) = 7*j**2 - 1. Let b(c) = c + 7. Calculate the remainder when a(1) is divided by b(-5).
0
Let r = 55 - 52. What is the remainder when 6 is divided by r?
0
Let m = 36 - 22. Let i(g) = -5*g - 19. Let s be 48/4*(-3)/3. Calculate the remainder when i(s) is divided by m.
13
Let t(w) = w**2 - 2*w - 1. Let n be t(3). Suppose n*y + f = -3*y + 7, -4*f + 10 = 2*y. What is the remainder when 6/4 + 2/(-4) is divided by y?
0
Let q be (1/(-2))/(5/(-60)). Suppose 5*a + 4*z - 213 = 0, -5*z - 21 = -q. What is the remainder when a is divided by 12?
9
Let d(s) = -s**2 + 153. What is the remainder when d(0) is divided by 26?
23
Let s(v) = v**2 - 4*v + 2. Let c be s(4). Suppose -280 = -c*o - 2*o. Calculate the remainder when o is divided by 24.
22
Suppose -4*h = -2*x, -4*x + h + 3*h = 4. What is the remainder when x*(-2 + 2/(-4)) is divided by 2?
1
Let u = -23 - -33. Let f(o) = o**3 + 3*o**2 - 12*o - 4. What is the remainder when u is divided by f(-5)?
4
Let c(i) = 6*i - 37. Let j = 11 + -2. Calculate the remainder when c(12) is divided by j.
8
Suppose 11*s - 16*s = -